t q(r) = 116*r + 560. What is q(-4)?
96
Let k(h) = -140*h - 58. Calculate k(2).
-338
Let u(r) = 2*r**3 - 4*r**2 - 134*r - 254. Give u(10).
6
Let a(w) = -41*w - 348. Determine a(-8).
-20
Let y(a) = -85*a**2 + 3988*a + 351. Calculate y(47).
22
Let r(h) = -h**3 + 38*h**2 - 38*h - 48. Give r(37).
-85
Let a(w) = 4*w**2 - 42*w - 2370. Give a(30).
-30
Let z(l) = -9*l**2 + 627*l - 627. Calculate z(1).
-9
Let u(l) = -7*l**3 - 47*l + 137. Give u(3).
-193
Let m(q) = -9115*q + 45575. Give m(5).
0
Let q(y) = -48*y + 651. What is q(13)?
27
Let s(i) = -51*i**3 - i**2 - 3*i + 7. Give s(2).
-411
Let v(y) = -y**2 + 38*y - 269. Determine v(26).
43
Let t(p) = -14*p**2 + 34*p - 53. Calculate t(4).
-141
Let k(o) = 5003*o - 10019. What is k(2)?
-13
Let k(x) = 181*x - 4. Calculate k(1).
177
Let y(o) = -o**3 + 9*o**2 - 8*o + 6. Give y(8).
6
Let s(i) = 3*i**3 + 4*i**2 + 8*i + 7. Calculate s(-3).
-62
Let l(i) = -i**3 + 45*i**2 - 9*i + 161. Give l(45).
-244
Let p(g) = 151*g**2 + 12078*g - 159. What is p(-80)?
1
Let z(h) = 11*h**2 - 1108*h + 1884. What is z(99)?
3
Let u(k) = -25*k**2 - 80*k - 447. Calculate u(-5).
-672
Let z(q) = 21*q - 230. What is z(-6)?
-356
Let b(g) = 2*g**3 - 7*g**2 - 11*g + 41. Give b(7).
307
Let s(t) = -588*t + 546. What is s(1)?
-42
Let t(h) = h**2 + 8*h - 58. Determine t(-8).
-58
Let z(c) = -2*c**3 - 8*c**2 + 21*c + 18. Determine z(-5).
-37
Let r(f) = -49*f - 12956. Determine r(-264).
-20
Let z(g) = -3*g**2 + 242*g + 546. Determine z(83).
-35
Let g(q) = q**3 + q**2 - 5*q + 20. Determine g(-4).
-8
Let o(n) = 8*n - 2. Calculate o(7).
54
Let j(p) = 37*p + 56. What is j(-1)?
19
Let y(t) = -80*t + 15. Give y(4).
-305
Let r(f) = -147*f**2 - 421*f - 15. Calculate r(-3).
-75
Let m(s) = 34*s + 129. Calculate m(-4).
-7
Let s(o) = -o**3 + 15*o**2 - 17*o. Determine s(11).
297
Let c(o) = -110*o - 517. What is c(3)?
-847
Let s(q) = 7389*q + 14779. What is s(-2)?
1
Let k(q) = -43*q + 224. Give k(6).
-34
Let q(h) = -h**3 + 6*h**2 - 66*h + 465. Give q(7).
-46
Let d(r) = -r**3 - 88*r**2 - 1496*r - 31. Calculate d(-23).
-8
Let k(z) = 5*z**2 - 595*z - 1826. Determine k(122).
4
Let b(f) = -84*f + 1408. Calculate b(17).
-20
Let r(d) = -d**3 + 9*d**2 + 25*d - 122. Determine r(11).
-89
Let w(y) = -20*y + 185. Give w(17).
-155
Let r(h) = 305*h - 39. Determine r(-1).
-344
Let s(u) = 70*u**3 + u**2 - u - 1. Calculate s(1).
69
Let t(r) = -179*r**2 + 23*r - 40. Determine t(2).
-710
Let c(q) = 38*q + 8350. Determine c(-220).
-10
Let d(v) = v**3 - 19*v**2 + 53*v + 397. Determine d(12).
25
Let y(j) = -35*j + 914. Determine y(23).
109
Let p(s) = -1037*s + 316292. Determine p(305).
7
Let m(n) = -2*n**3 + 8*n**2 - 29*n - 17. Calculate m(4).
-133
Let h(k) = 25*k + 53. Calculate h(-6).
-97
Let t(k) = 11*k**2 + 67*k - 260. Give t(4).
184
Let p(k) = 4*k**3 + 5*k**2 + 72*k + 221. What is p(-3)?
-58
Let p(i) = 3*i - 42. Calculate p(15).
3
Let v(g) = 13*g + 276. Calculate v(-16).
68
Let i(v) = -63*v**2 + 20*v - 21. What is i(1)?
-64
Let m(s) = -109*s - 6239. Give m(-57).
-26
Let o(j) = j**2 - 62*j + 458. Determine o(53).
-19
Let o(y) = 300*y + 292. What is o(-1)?
-8
Let m(b) = b**2 + 2*b - 757. What is m(-28)?
-29
Let u(n) = n**2 - 67*n - 1124. Calculate u(-14).
10
Let j(a) = 29*a - 3249. What is j(113)?
28
Let x(w) = w**2 - 436*w - 1315. Give x(-3).
2
Let y(x) = -x**3 + 196*x**2 - 3205*x + 153. Calculate y(178).
-25
Let d(p) = -13*p + 1121. Give d(88).
-23
Let i(p) = -p**2 + 46*p + 651. Calculate i(46).
651
Let b(f) = -f**3 - 11*f**2 + 46*f + 212. Give b(-3).
2
Let h(w) = -2*w**3 - 4*w - 9. Calculate h(-5).
261
Let l(w) = 4*w**3 - 31*w**2 + 11*w + 58. Give l(7).
-12
Let n(k) = 5*k**2 + 269*k - 3656. Give n(-65).
-16
Let y(p) = -p**2 - 45*p + 1384. Determine y(21).
-2
Let n(g) = -2*g**3 + 36*g**2 + 38*g + 40. Determine n(19).
40
Let i(b) = -4*b + 4. Give i(11).
-40
Let i(z) = -7*z**2 - 231*z + 11. Calculate i(-33).
11
Let d(z) = 3*z**2 + 36*z + 13. What is d(-18)?
337
Let a(u) = -63*u + 1165. Determine a(19).
-32
Let f(b) = b**3 + 21*b**2 + 34*b - 145. Determine f(-19).
-69
Let h(b) = -158*b + 5624. Determine h(36).
-64
Let r(c) = -92*c + 5. Give r(1).
-87
Let z(u) = 3*u**3 - 47*u**2 + 37*u - 10. Calculate z(15).
95
Let s(x) = x**2 + 90*x + 1024. Determine s(-15).
-101
Let s(j) = 18*j - 1251. Calculate s(60).
-171
Let l(u) = -u**2 + 19*u + 83. Calculate l(22).
17
Let x(l) = -2*l**2 - 629*l + 7146. Calculate x(11).
-15
Let j(t) = -t**2 + 63*t - 131. Determine j(4).
105
Let x(u) = u**3 - 6*u**2 - 23*u + 25. Determine x(8).
-31
Let z(x) = 231*x - 1618. What is z(7)?
-1
Let d(g) = -2*g**2 + 45*g - 159. What is d(17)?
28
Let h(b) = 32*b + 107. Determine h(-9).
-181
Let x(w) = 165*w + 2311. What is x(-14)?
1
Let y(m) = -m**3 + 148*m**2 - 272*m - 2922. Determine y(146).
-2
Let i(q) = q**2 + 23*q - 239. Determine i(8).
9
Let x(m) = -7*m**2 + 36*m + 1. Determine x(6).
-35
Let v(n) = -n**3 - 12*n**2 - 20*n - 13. Give v(-11).
86
Let f(l) = 9*l**2 + 505*l + 120. Calculate f(-56).
64
Let z(y) = -y**3 + 28*y**2 + 94*y + 54. Give z(31).
85
Let x(l) = -104*l + 1666. Determine x(14).
210
Let s(w) = -2*w**3 + 45*w**2 + 11*w + 153. Determine s(23).
-123
Let x(g) = -g**3 - 78*g**2 + 4*g + 303. Determine x(-78).
-9
Let r(d) = 2*d**3 + 35*d**2 - 60*d - 44. Calculate r(-19).
13
Let z(d) = 68*d - 1729. What is z(24)?
-97
Let v(r) = 1493*r + 2916. Determine v(-2).
-70
Let c(q) = -2*q + 10. Determine c(-1).
12
Let p(j) = -3*j - 105. Give p(16).
-153
Let o(w) = -2*w - 167. Give o(-52).
-63
Let g(j) = 284*j + 279. Determine g(-1).
-5
Let g(j) = -j**3 - 15*j**2 + 22*j + 6. Calculate g(-16).
-90
Let s(w) = -w**2 - 207*w - 10069. What is s(-76)?
-113
Let s(m) = 205*m + 5749. Determine s(-28).
9
Let c(v) = v**3 + 20*v**2 + 83*v + 12. Determine c(-14).
26
Let a(r) = -81*r - 423. Give a(-5).
-18
Let o(u) = -2*u**3 + 144*u**2 - 149*u + 520. What is o(71)?
23
Let c(t) = -18*t + 36. Give c(-4).
108
Let f(v) = -v**3 + 27*v**2 - 183*v + 56. Give f(15).
11
Let p(h) = 47*h - 146. What is p(-8)?
-522
Let j(m) = -m**3 + 107*m**2 + 15229*m - 193. What is j(188)?
-5
Let y(f) = 2*f**2 - 31*f - 4. Determine y(18).
86
Let j(b) = 2*b**2 - 78*b + 171. Determine j(37).
23
Let p(c) = 14*c**3 - 256*c**2 + 74*c - 28. Give p(18).
8
Let m(h) = -226*h - 23712. Determine m(-105).
18
Let q(x) = -3*x**2 - 270*x - 264. Give q(-89).
3
Let h(q) = -839*q + 3350. Calculate h(4).
-6
Let s(o) = 4*o**3 + 24*o**2 - 32*o - 26. What is s(-7)?
2
Let m(g) = -67*g + 229. Give m(4).
-39
Let b(o) = -23*o + 327. Give b(29).
-340
Let i(v) = -v**3 - 341*v**2 - 918*v + 32441. Calculate i(-338).
-7
Let j(s) = -s**2 - 42*s - 99. Calculate j(-3).
18
Let f(z) = -9*z**2 + 653*z - 363. What is f(72)?
-3
Let q(g) = -g**3 - 46*g**2 - 38*g + 60. What is q(-45)?
-255
Let d(k) = 3*k**3 - k**2 - 2*k + 14. Determine d(-5).
-376
Let v(h) = h**3 + 27*h**2 - 237*h - 84. Calculate v(7).
-77
Let l(b) = -2*b**2 - 120*b - 1149. Determine l(-12).
3
Let z(s) = 26*s + 514. Determine z(-21).
-32
Let r(c) = 2*c**3 + 31*c**2 - 10*c + 9. Determine r(-16).
-87
Let f(i) = 2*i**2 + 17*i - 116. Give f(-12).
-32
Let j(t) = -173*t**2 - 9*t - 10. Calculate j(-1).
-174
Let v(m) = -m**2 + 26. Determine v(11).
-95
Let x(u) = 2*u**3 + 29*u**2 + 147*u + 272. Calculate x(-5).
12
Let m(b) = -6*b**2 + 8*b - 15. Determine m(2).
-23
Let t(w) = 4*w**3 + 38*w**2 + 9*w - 28. Determine t(-9).
53
Let m(n) = 17*n + 131. Give m(-8).
-5
Let y(u) = 245*u + 12687. Give y(-52).
-53
Let b(f) = f**2 - 72*f - 757. What is b(78)?
-289
Let u(m) = 6*m**3 + 4*m**2 + 2*m + 6. Give u(-2).
-30
Let u(a) = -a**3 + 6*a**2 + 347*a - 35. Give u(-16).
45
Let r(w) = -182*w - 24. Determine r(-2).
340
Let t(y) = 28*y - 2736. Give t(104).
176
Let n(l) = 91*l + 3371. Determine n(-37).
4
Let k(t) = -t**3 + 5*t**2 + 52*t + 70. Give k(-4).
6
Let r(d) = -2*d**3 + 73*d**2 - 33*d - 45. What is r(36)?
63
Let l(k) = -2*k**3 + 56*k**2 + 116*k - 11. What is l(30)?
-131
Let k(l) = 10*l + 1377. Give k(-138).
-3
Let f(j) = j**3 + 5*j**2 - 28*j - 171. Calculate f(-5).
-31
Let x(b) = -4*b**2 + 54*b - 15. Give x(11).
95
Let d(s) = 1519*s + 28850. Calculate d(-19).
-11
Let c(b) = -2*b**2 + 495*b - 8878. Calculate c(228).
14
Let q(i) = i**3 + 22*i**2 + 34*i - 25. Give q(-20).
95
Let f(z) = -z**2 + 48*z + 628. What is f(59)?
-21
Let q(n) = -n**2 + 38*n +